 + 7276*s + 17. Give n(-22).
1601
Let n(h) = 26*h**2 - 1464*h - 2555. Determine n(58).
-3
Let p(d) = 14*d**2 + 351*d - 1386. What is p(4)?
242
Let i(j) = 3*j**2 + 532*j + 23067. Give i(-102).
15
Let i(s) = -s**2 + 3392*s - 837246. Give i(268).
-14
Let w(s) = 15*s**2 - 175*s - 12133. Give w(35).
117
Let h(d) = -1138*d - 689621. What is h(-606)?
7
Let t(d) = 5*d**3 + 1444*d**2 + 2585*d + 550. Determine t(-287).
-24
Let j(s) = -64*s**2 - 1708*s - 1184. Calculate j(-26).
-40
Let b(j) = 141*j**2 - 739*j + 329. Calculate b(5).
159
Let p(n) = 89366*n - 268004. Give p(3).
94
Let t(r) = 109*r**2 - 2047*r - 460. What is t(19)?
-4
Let x(w) = -w**2 + 10820*w - 54120. Calculate x(5).
-45
Let u(g) = -34*g**2 - 65891*g - 65891. Determine u(-1).
-34
Let i(k) = -7298*k - 36245. Determine i(-5).
245
Let k(r) = -6*r + 1311. What is k(-11)?
1377
Let x(p) = 9584*p - 3661082. Give x(382).
6
Let q(c) = 2*c**3 + 34*c**2 + 771*c + 14613. Give q(-19).
-1480
Let h(l) = l**3 + 118*l**2 + 1184*l + 132. What is h(-107)?
-617
Let y(t) = -234*t + 82624. Give y(353).
22
Let o(q) = 3*q**2 + 142*q - 3066. Determine o(16).
-26
Let k(d) = -d**3 + 391*d**2 - 9859*d + 937. Determine k(27).
100
Let s(k) = -k**3 - 178*k**2 + 27*k + 4791. Give s(-178).
-15
Let v(y) = y**2 - 216*y + 8557. Calculate v(170).
737
Let p(g) = -2577*g + 1636397. What is p(635)?
2
Let v(l) = -20*l**2 + 2294*l - 8187. What is v(111)?
27
Let p(f) = -f**3 - 22*f**2 - 550*f - 20116. Give p(-28).
-12
Let n(m) = -1149*m - 2433. What is n(-2)?
-135
Let f(p) = -p**3 + 695*p**2 - 70808*p + 484. Determine f(124).
-12
Let y(v) = -8*v**3 + 786*v**2 + 1383*v - 115. Give y(100).
-1815
Let v(l) = -53*l**2 + 6110*l - 1742. Give v(115).
-17
Let x(l) = -190*l - 19944. What is x(-104)?
-184
Let a(q) = 185*q - 294. Give a(11).
1741
Let o(r) = r**3 + 28*r**2 + 49*r + 242. Calculate o(-27).
-352
Let q(p) = 7*p**2 - 38*p - 37. Calculate q(9).
188
Let i(b) = -45858*b - 9951180. Determine i(-217).
6
Let d(q) = 2*q**3 + 34*q**2 - 54*q - 448. Determine d(-18).
-124
Let a(c) = -17541*c + 649059. Calculate a(37).
42
Let l(o) = 13*o**2 - 3323*o - 21757. Calculate l(262).
-11
Let g(h) = 253*h**3 + 24*h**2 + 34*h + 10. Give g(-1).
-253
Let r(p) = 134*p**3 - 66*p**2 + 133*p. What is r(2)?
1074
Let o(s) = -7168*s - 43024. Determine o(-6).
-16
Let d(w) = -1877*w + 20863. Give d(11).
216
Let h(m) = 35*m**3 + 493*m**2 + 490*m - 2. Calculate h(-1).
-34
Let t(v) = -53959*v - 2374301. Determine t(-44).
-105
Let a(v) = -v**3 - 12*v**2 + 121*v + 504. Calculate a(-16).
-408
Let i(a) = -12*a**2 + 356*a + 1107. What is i(-3)?
-69
Let x(g) = -3*g**2 + 520*g - 3527. Calculate x(167).
-354
Let c(h) = -h**3 - 83*h**2 - 570*h - 20049. Determine c(-79).
17
Let u(s) = -6*s**2 + 17965*s - 35917. Determine u(2).
-11
Let w(q) = -q**3 + 154*q**2 - 4006*q + 486. Give w(33).
57
Let k(p) = -32*p**2 - 1852*p - 15317. Determine k(-10).
3
Let n(x) = 2*x**2 + 665*x + 46789. What is n(-231)?
-104
Let c(n) = 5*n**3 - 12*n**2 + 228*n - 926. Calculate c(4).
114
Let i(v) = v**2 + 13948*v - 18112221. Determine i(1196).
3
Let p(i) = -21*i**3 - 3*i - 1596. What is p(0)?
-1596
Let z(y) = 266*y + 5371. Give z(-20).
51
Let o(s) = -159*s**2 + 74*s + 262. Give o(-4).
-2578
Let c(u) = -433*u - 496. Give c(-3).
803
Let l(o) = 10488*o - 1111747. What is l(106)?
-19
Let q(z) = -354*z**3 + 5309*z**2 + 17. Calculate q(15).
-208
Let h(x) = 11*x**2 - 12*x - 97. Calculate h(-6).
371
Let s(o) = -o**2 + 554*o - 58736. Give s(145).
569
Let d(p) = -39*p**2 + 1055*p + 4783. Give d(-4).
-61
Let w(i) = 17*i**3 + 818*i**2 - 318*i - 19866. Determine w(-48).
6
Let k(d) = -4*d**3 + 386*d**2 - 6486*d + 2682. Calculate k(75).
-18
Let h(v) = -43*v**2 + 1070*v + 128. Calculate h(25).
3
Let j(d) = -2*d**2 + 332*d - 2992. What is j(9)?
-166
Let j(q) = -16*q**3 - 30*q**2 + 39*q - 11. Calculate j(4).
-1359
Let a(g) = -11*g**2 + 539293*g + 1078586. What is a(-2)?
-44
Let d(a) = 35*a**2 + 363*a + 2275. Give d(-6).
1357
Let c(i) = -2323*i - 39494. Determine c(-17).
-3
Let v(f) = 494*f + 4731. Give v(-8).
779
Let s(p) = 3*p**2 + 1658*p - 2234. Calculate s(-554).
-18
Let l(d) = 6079455*d - 6079454. Calculate l(1).
1
Let x(l) = -39*l + 573. Determine x(26).
-441
Let g(n) = -24*n**2 - 7721*n + 10031. What is g(-323)?
18
Let k(h) = 5*h**2 + 4117*h + 18014. Calculate k(-819).
-4
Let q(l) = 69*l - 14102. Determine q(200).
-302
Let w(n) = 40*n**2 + 1801*n + 40. What is w(-45)?
-5
Let p(i) = 3*i**3 + 37*i**2 + 83306*i + 1083317. Determine p(-13).
1
Let q(t) = -6141*t - 1516818. What is q(-247)?
9
Let c(g) = 9039*g + 18419. What is c(-2)?
341
Let l(b) = -34908*b + 35119. Give l(1).
211
Let q(i) = 773*i**2 + 10829*i + 68. Calculate q(-14).
-30
Let x(z) = 2998*z + 275807. Calculate x(-92).
-9
Let g(a) = -a**3 + 845*a**2 + 37254*a - 3. Give g(-42).
-3
Let m(a) = -23375*a + 1706350. Give m(73).
-25
Let w(i) = 4*i**2 - 1007*i + 5767. What is w(246)?
109
Let z(v) = -6*v**3 + v**2 - 128*v - 270. Calculate z(-2).
38
Let d(l) = -291*l + 1256. Give d(6).
-490
Let c(i) = -2*i**3 + 1299*i**2 - 1986*i + 27053. Determine c(648).
-163
Let j(i) = -8*i**2 - 1526*i + 22935. Give j(14).
3
Let x(a) = 14*a**3 + 28*a**2 + 158*a - 923. Calculate x(4).
1053
Let v(j) = -1255*j + 525. Calculate v(-1).
1780
Let s(j) = -19*j**2 + 523*j - 538. What is s(1)?
-34
Let m(b) = -2*b**2 - 605*b - 19635. Calculate m(-37).
12
Let w(a) = 24*a + 356. Give w(21).
860
Let f(c) = -2*c**3 - 263*c**2 - 2980*c - 548. Calculate f(-119).
47
Let w(p) = 2*p**3 + 11065*p**2 - 66340*p + 13. Calculate w(6).
745
Let x(s) = -1669*s - 382301. Give x(-229).
-100
Let i(l) = -3091*l - 8164. Determine i(-3).
1109
Let r(p) = -57832*p + 751830. Calculate r(13).
14
Let w(k) = -2*k**3 + 20*k**2 - 99*k + 1349. Calculate w(16).
-3307
Let p(v) = -2*v**3 - 349*v**2 + 3912*v + 5006. What is p(-185)?
11
Let y(b) = -133*b**2 - 805*b - 47. Give y(-6).
-5
Let x(a) = 884*a - 194615. Calculate x(220).
-135
Let d(c) = -9*c**3 - 45*c**2 + 427*c + 15. Determine d(6).
-987
Let u(r) = -3*r**2 + 7530*r + 37678. Give u(-5).
-47
Let a(o) = -3*o**2 - 2799*o + 113536. Give a(39).
-188
Let u(l) = l**3 + 132*l**2 + 455*l - 52498. Determine u(-125).
2
Let k(x) = -172034*x - 4128823. Calculate k(-24).
-7
Let j(g) = 2*g**2 + 1934*g + 13643. What is j(-7)?
203
Let t(d) = 3*d**3 - 175*d**2 - 129*d + 43. Calculate t(59).
-606
Let a(u) = -82775*u + 496673. Determine a(6).
23
Let d(u) = 30*u**2 + 2188*u - 2189. Give d(1).
29
Let n(d) = 72772*d + 291124. Give n(-4).
36
Let u(p) = -8*p**2 - 320*p - 3365. Give u(-13).
-557
Let g(f) = -9711*f + 1184764. Determine g(122).
22
Let d(b) = 2*b**3 - 38*b**2 - 239*b - 7. Calculate d(-5).
-12
Let u(b) = b**2 - 269*b + 17989. What is u(125)?
-11
Let c(x) = -x**2 - 262*x - 4896. Determine c(-243).
-279
Let s(h) = -2585*h - 33599. Calculate s(-13).
6
Let o(a) = -6*a**3 + 867*a**2 + 1289*a + 3655. What is o(146)?
5
Let r(p) = -196*p - 1243. What is r(-12)?
1109
Let z(o) = -2*o**3 + 196*o**2 + 244*o - 23921. Give z(98).
-9
Let u(y) = 19*y**3 - 946*y**2 - 1174*y + 24. Give u(51).
-27
Let c(q) = -q**3 - 85*q**2 + 753*q + 844. What is c(-93)?
7
Let y(i) = -3*i**3 + 26*i**2 - 31*i + 23. Give y(2).
41
Let l(n) = -4*n**3 - 198*n**2 - 713*n + 37. Give l(-4).
-23
Let b(s) = s**3 + 59*s**2 - 430*s + 21. Give b(-65).
2621
Let j(c) = -3193*c - 3230. Determine j(-1).
-37
Let o(t) = -t**3 - t**2 - 772*t + 47. What is o(0)?
47
Let x(c) = c**3 + 12*c**2 - 10*c - 137. Calculate x(-6).
139
Let x(c) = 2*c**2 + 486*c + 23370. Calculate x(-66).
6
Let u(a) = -1890*a - 30101. Determine u(-16).
139
Let a(x) = -49*x**2 - 1604*x - 1144. Give a(-32).
8
Let l(h) = 682*h + 64739. Calculate l(-95).
-51
Let r(z) = -z**3 + 5*z**2 + 1914*z - 15130. What is r(8)?
-10
Let w(s) = 4465*s - 28152. What is w(6)?
-1362
Let x(f) = 726124*f - 4356751. Calculate x(6).
-7
Let s(k) = -4*k**3 - 12*k**2 + 217*k + 2187. Calculate s(-10).
2817
Let k(d) = -d**3 + 51*d**2 - 249*d + 944. Determine k(46).
70
Let d(w) = -1319*w - 469565. Give d(-356).
-1
Let u(f) = -465*f**2 - 144*f - 77. Give u(-1).
-398
Let j(u) = 93*u - 9247. What is j(100)?
53
Let y(g) = g**2 - 15*g + 175. Give y(0).
175
Let n(d) = -16*d**3 + 833*d**2 + 21*d - 4011. Calculate n(52).
-215
Let y(i) = 2*i**2 - 175*i + 1410. Give y(77).
-207
Let h(z) = z**3 - 233*